et s(i) = -i**3 + 6*i**2 - i - 5. Determine s(x).
-11
Let f(v) = v. Let u(w) = -3*w + 1. Let z(b) = 17*f(b) + 6*u(b). Suppose -4*h = c - 15, -2*c + c = h. Give z(c).
11
Let z(t) be the first derivative of 3/2*t**2 + 0*t - 6 - 4/3*t**3 + 1/4*t**4. What is z(2)?
-2
Let o(h) = -h**2 - 2*h + 8. Let t(n) = -n**2 - 2*n + 7. Let z(p) = -2*o(p) + 3*t(p). Give z(4).
-19
Let j(p) = -p - 7. Let d = 50 + -55. Determine j(d).
-2
Let i(a) be the third derivative of -7*a**5/30 + a**4/24 - 5*a**2. Calculate i(1).
-13
Let y(n) = 7*n**3 + n**2 - 2*n + 1. Let j be y(1). Let o(i) = -i**3 + 8*i**2 - 5*i - 9. What is o(j)?
5
Let f(p) be the third derivative of 0 - 1/12*p**4 - 1/30*p**5 + 2*p**2 + 1/6*p**3 + 0*p. Give f(-2).
-3
Let u(x) = -x**2 - 6*x + 9. Suppose -5*m = -8*m - 24. Calculate u(m).
-7
Let x be ((-12)/(-9))/(2/6). Let g(t) = -x + 1 + 0*t - 4*t + 2*t. Calculate g(-5).
7
Let z(l) be the third derivative of -l**4/24 - l**3/6 + 3*l**2. What is z(-4)?
3
Let c(g) be the third derivative of 3*g**2 + 0*g + 0 - 1/3*g**3 - 1/12*g**4. Give c(-2).
2
Let u(j) = -j**2 + 3. Let y(h) = -3*h**2 - h + 10. Let x(d) = -11*u(d) + 4*y(d). What is x(-6)?
-5
Let n(y) be the second derivative of -y**4/12 - 4*y**3/3 - 3*y**2/2 - 27*y. Let p be (-2 - 0)*(-10)/(-4). Determine n(p).
12
Let w(y) = -3*y. Let u be w(0). Let b(m) be the second derivative of u + 3/2*m**2 + 1/12*m**4 + m - 2/3*m**3. Calculate b(4).
3
Let d(o) = o**3 - 4*o**2 - 4*o - 1. Let q = -1 - -5. Let z be (-33)/(-6) + (-2)/q. Determine d(z).
4
Let u(o) = 2*o + 1. Let y(t) = -5*t + 45. Let k be y(11). Let w(g) = -g**2 + 2*g. Let q be w(4). Let j = k - q. Determine u(j).
-3
Let z(n) = -n**3 + 4. Let t be z(0). Suppose d + 0 + t = 0. Let g(o) = -o. Calculate g(d).
4
Let x(z) = -4 - 1 + 9*z + 1. Let b(r) = 8*r + 2*r + 9*r - 8 - 1. Let m(f) = 3*b(f) - 7*x(f). Calculate m(1).
-5
Let g(f) be the first derivative of -f**2/2 - 4*f - 2. Suppose 3*u = -2*i + 4 - 3, 0 = u + 2*i + 5. Suppose -u*v = -6*v. Determine g(v).
-4
Suppose 6*p - p = p. Let j(t) = t**3 - t**2 - t + 9. Give j(p).
9
Let c(m) = -m**2 + 11*m - 14. Let u = 48 - 38. Give c(u).
-4
Suppose -2*g - 1 = -2*s + 9, 3*s + 1 = -5*g. Suppose s*j - 9 = 0, 3*j + 7 - 1 = 3*p. Let h(y) = 2 - 2*y + 4 + 0*y. Give h(p).
-4
Let f(d) be the first derivative of -2*d**3 + d - 5. Determine f(1).
-5
Let v(m) = 2*m**3 - 22*m**2 - 2*m + 23. Let n be v(11). Let c(p) = -12*p**2 - p. What is c(n)?
-13
Suppose 0 = m - 1 + 5. Let k = m + 3. Let z(c) = 4*c + 1. Determine z(k).
-3
Suppose -4*x - 2 + 10 = 0. Let s(l) = 4*l - 23 + 41 - 21. What is s(x)?
5
Let p(x) = -5*x + 3. Let z(q) = -q**2 - 21*q + 12. Let j(h) = -9*p(h) + 2*z(h). Let i(o) = o. Let k be i(2). What is j(k)?
-5
Let r(q) be the first derivative of 1/2*q**3 - 3 - 1/2*q**2 + 2*q. Let n(t) be the first derivative of r(t). Determine n(1).
2
Let r(i) = -4*i - 6. Let b(y) = -9*y - 12. Let z(h) = -3*b(h) + 7*r(h). Determine z(6).
-12
Let y be ((-14)/4)/(1/(-2)). Let q(i) = -i - i**3 + 1 + y*i + 0*i - 3*i**2. Let z(d) = d**2 + 6*d + 4. Let h be z(-4). Calculate q(h).
-7
Let n(l) = -l**3 + l - 1. Let v(u) = -4*u**3 - 6*u**2 - u - 2. Let d(w) = 3*n(w) - v(w). What is d(-4)?
15
Let y(n) be the third derivative of n**4/24 - n**3/2 - 2*n**2 - 7*n. Give y(3).
0
Let r(b) be the second derivative of 17*b**3/6 - b**2/2 + b. Calculate r(1).
16
Let r(x) = -4*x + 2. Let i(t) = t**2 - 8 - 3*t + 2 - 1. Let f be i(5). Give r(f).
-10
Let m = 24 - 21. Let u(d) = d**2 - 3*d - 3. Determine u(m).
-3
Suppose -2*v + 65 = 6*g - g, 4*g = 4*v + 52. Suppose g = -3*a - 5. Let h(j) be the second derivative of j**3/6 + j**2/2 + j. What is h(a)?
-5
Let t(p) be the second derivative of -2*p + 0 + 3/2*p**3 - 1/2*p**2. What is t(1)?
8
Let h(a) = -a**2 - 2*a - 1. Let b(r) = -6*r**2 - 10*r - 5. Let j(l) = -2*b(l) + 11*h(l). Let f = 7 + -4. What is j(f)?
2
Let t(a) = 2 + a**2 + 4*a + 4*a**2 + 0*a**2 - 3*a**2. Let y be (-4)/(-10) + 208/(-20). Let q be (16/20)/(4/y). Give t(q).
2
Let c(n) = -6*n**3. Suppose j = -g + 1, -2*g + 3*g - 4*j = -4. Suppose a - 3 - 1 = g, 10 = 3*t + 4*a. Let o = -3 - t. Calculate c(o).
6
Let b(p) = -7*p**2 + 5*p + 12. Let t(c) = -20*c**2 + 14*c + 35. Let h(i) = -17*b(i) + 6*t(i). Give h(0).
6
Suppose -5*f + 5*l + 50 = 0, 24 = 3*f - l - 10. Let h = -12 + f. Let x(b) = -b**3 + b**2 + 6. Give x(h).
6
Let k(l) = l**2 - 3*l - 2 + 2*l**3 + 3*l**2 + 4*l. Let s be (-10)/(-4) + 3/(-6). Let j = -4 + s. Determine k(j).
-4
Let h(z) = z + 2. Let a(j) = -5*j**2 + j. Let f be a(1). Give h(f).
-2
Let n be (-2)/(-3) - 68/12. Let r(c) = -3*c - 7. What is r(n)?
8
Let g = -9 - -14. Let r(f) = 0*f**3 - f**3 - g*f**2 + 0*f + 5*f - 6. Let y(b) = b**2 + 12*b + 14. Let l be y(-10). Determine r(l).
0
Let v(u) = -u**3 + 3*u**2 + 2*u - 2. Suppose -6 = n + 2. Let p(q) = q**2 + 9*q + 10. Let r be p(n). Suppose r*x - h = -3*h + 8, -13 = -4*x - h. What is v(x)?
4
Let o(p) = p**3 - p**2 + p. Let q(x) = 3*x**3 - 5*x**2 + 4*x - 8. Let v(l) = -4*o(l) + q(l). What is v(0)?
-8
Let c(g) be the first derivative of -g**3/3 + 3*g**2 - 5*g + 4. What is c(6)?
-5
Let a(d) be the third derivative of d**4/12 + 2*d**3/3 + d**2. Let x = -29 + 25. What is a(x)?
-4
Let z(a) = -5*a**2 + 5*a + 1 + a**2 + 3*a**2. Let m(n) be the third derivative of -n**4/6 - n**2. Let x be m(-1). What is z(x)?
5
Let y be -4*(-2 + 15/(-6) + 3). Let u(o) = -7*o**2 - 2 + 7*o + 2*o**2 + 4*o**2. Calculate u(y).
4
Suppose 4*d - 6 + 2 = -2*f, 4*f + 27 = -d. Let z = -14 - f. Let b(p) = p + 4. Determine b(z).
-2
Suppose 0 = 8*o - 5*o - 6. Let f(z) = 4*z**2 + 0*z**3 + z**3 - 11*z**o + 5*z + 8. Determine f(6).
2
Suppose 0 = 4*k + k - 10. Suppose 0 = -k*j + 3 + 1. Let c(v) = 4*v**2 - 2*v**2 + j*v - 1 - v**3 - v**2. Determine c(2).
-1
Let i(f) = -3 - 4*f**3 + 5*f + 2*f**3 + f**3 + 3*f**2. Suppose -6*o + 20 = -o. Give i(o).
1
Let o be 12*((-15)/6 - -3). Let a(m) = m - 4. Let v(g) = -g + 5. Let b(d) = -4*a(d) - 3*v(d). What is b(o)?
-5
Let x be (-32)/(-2)*25/20. Suppose -2*u = 3*u + x. Let c(d) = d**3 + 4*d**2 - 2*d - 3. Determine c(u).
5
Let q(y) = 7*y**2 - y - 1. Let f(t) = -15*t**2 + 2*t + 3. Let c(u) = 3*f(u) + 7*q(u). What is c(2)?
16
Let x(q) = -2*q**2 + 6*q - 1. Suppose 22*r = 15*r + 28. What is x(r)?
-9
Let j(m) = m**3 + 4*m**2 + 4*m + 6. Suppose 2*i + 5 = -3. Give j(i).
-10
Let w(z) = z - 2. Let s be -4 - (1/8 - (-17)/(-8)). What is w(s)?
-4
Let g(v) = v - 1. Let y be (2/4)/(11/66). Suppose -4 = -k, -2*k + y = -h - 5. What is g(h)?
-1
Let x(l) = l**2 + 7*l + 6. Let y(v) = -2*v**2 - 6*v + 5. Let h be y(-5). Let j = 9 + h. Calculate x(j).
0
Let j(n) = n**2 - 5*n + 7. Let c be j(3). Let b(w) = w**2 - 1. Let z(a) = 3*a - 3. Let s(p) = c*b(p) + z(p). Determine s(-5).
6
Let l(b) = -8*b. Let g be 0 - ((-24)/16)/(2/(-4)). Calculate l(g).
24
Let q(h) = -h**3 - 2*h**2 + 4*h + 3. Let j be (-4)/(-14) + (-12)/(-7). Let t be -1 - j/(-1 - 1). Let v(r) = r**3 + r**2 + r - 3. Let d be v(t). Give q(d).
0
Let n(p) = 2 + 4*p - 158*p**2 + 2 + 157*p**2. Give n(4).
4
Let a(u) = -3*u + 2 + 0*u + 1. Let y = -20 - -33. Let v be y/5 - 14/(-35). Give a(v).
-6
Let z(b) = -b**3 + b**2 - b + 1. Let f(x) = 7*x**3 - 8*x**2 + 4*x - 3. Let j(w) = f(w) + 6*z(w). Calculate j(2).
-1
Let r(j) = -4*j**3 - 8*j**2 - 6*j - 1. Let o(s) = -s**3 - s**2 - 1. Let n = -1 + 0. Let d(b) = n*r(b) + 5*o(b). What is d(4)?
4
Let y(m) = -m**2 + 4*m - 6. Let o(i) = 5*i - 1. Let k be o(1). Give y(k).
-6
Let i(a) = 3*a**3 + 7*a**2 + 1. Let q(h) = -h**3 - h**2 + h + 1. Let g(p) = -i(p) - 4*q(p). Let m = 10 + -6. Let n be (1*-2 + 3)*m. Determine g(n).
-5
Let i(o) = -o + 12. Let n be i(6). Suppose -4*a - 2*p + 8 = 0, -5*p + p = 5*a - 4. Let x(s) = -a*s + 7 + 3*s - 5 + 0*s. What is x(n)?
-4
Let n(g) = -4 + 3 + 4*g + 2 - g. Determine n(-2).
-5
Suppose 0*r + r + 3*o = 10, -4*o = -2*r. Let c(g) be the third derivative of g**6/120 - g**5/12 + g**4/8 + 15*g**2. What is c(r)?
-4
Let a(u) = -u**2 - u + 1. Suppose 0 = -5*o - 5, 0*k - 4*k + 77 = -5*o. Let y be k/(-42) + 6/14. Give a(y).
1
Let w(p) = 2*p**3 - 4*p**3 + 3*p**3 - p + 1 + 0 + 2*p**2. Give w(-3).
-5
Let p(c) = c**3 + 11*c**2 - c - 14. Let k(d) = 3*d + 67. Let y be k(-26). What is p(y)?
-3
Let x(o) = -2*o**2 - 2*o + 4. Let h(k) = 5*k**2 + 4*k - 7. Let q(s) = 3*h(s) + 5*x(s). Let a = -1 - -2. Calculate q(a).
6
Let a = 11 + -12.